sands digit of l?
2
Suppose 4*f - 1 = -4*k + 3, 2*k = -4*f - 4. Let q(t) = t + 130. Let g be q(0). Suppose k*x - g = 182. What is the units digit of x?
8
Let r = 486 - 485. Let d = -527 - -326. What is the tens digit of (-2*d/6)/r?
6
Let d = 807 - 807. What is the hundreds digit of 11/33 + d + 7773/9?
8
Suppose 4*u = -u. Let c be 25*(-32)/(-20)*3/2. Suppose -n + c = -u*n. What is the units digit of n?
0
Suppose 3*q = 16*k - 15*k - 441, -5*q - 1331 = -3*k. Suppose 3*b - k = 339. What is the tens digit of b?
6
Let o be 27038/22 - (-1 + -1)/(-2). Let r = o - 851. What is the hundreds digit of r?
3
Let b(v) = 86*v - 12. Let r be b(5). Suppose 5*h = -53 + r. What is the tens digit of 1/(3/9) + h?
7
Let v = -56 - -128. Suppose -5*i + 8*i - v = 0. Let p(y) = -y**3 + 23*y**2 + 29*y - 10. What is the units digit of p(i)?
0
Suppose -71*b = -78*b + 889. Suppose 521 = m + b. What is the hundreds digit of m?
3
Suppose s - 15 = -9. Suppose -s*i + i = -15. Suppose i*v + 99 = 3*l - 57, 20 = 4*v. What is the tens digit of l?
5
Let v = 37654 + -21040. What is the ten thousands digit of v?
1
Suppose -4*v = 4*q - 169060, 43674 = -5*v + 4*q + 255017. What is the tens digit of v?
6
Let y = 5202 - 5189. Let h(p) = -3*p + 19*p - p - 13. What is the units digit of h(y)?
2
Let z(u) = -2*u**3 + 21*u**2 - 7*u - 1. What is the units digit of z(6)?
1
Suppose s = 3*f + 6*s - 102829, -34291 = -f + 2*s. What is the hundreds digit of f?
2
Suppose -f = -4*r - 666 - 950, 0 = -5*f. Let j = r + 746. What is the hundreds digit of j?
3
Let s(p) = -p**2 + 5*p + 2. Let i be s(5). Suppose -q - i = -2*x, 3*x + 1 = q + 5. Suppose 72 = 4*j + 2*a, x*j = -2*a + 3*a + 44. What is the units digit of j?
0
Let v be 39/(2*3/(-8)). Let u = 266 + -195. Let i = u + v. What is the units digit of i?
9
Let h = -19 - -21. Suppose -3*g + h*t = 13, 0 = 2*g + 3*g - 3*t + 21. What is the units digit of 10 - 4 - (-1 - g)?
4
Let i be (1993 - 1)/2 - (67 + -67). Suppose -i = 15*y - 15576. What is the units digit of y?
2
Suppose 72*a = 77*a - 109350. What is the thousands digit of a?
1
Let w be (-3 + (-25)/(-5))*6/3. Suppose w*y - i - 1486 = 273, 2*i = 3*y - 1323. What is the units digit of y?
9
Let u(d) = -d**2 - 4*d + 5. Let z be u(-5). Suppose 5*h - 11*g + 10*g = 301, -h - 4*g + 77 = z. What is the tens digit of h?
6
Suppose 26 = 23*z - 273. Suppose -3*t + 289 = a, 4*a - 3 = z. What is the units digit of t?
5
Suppose -3*y - 5*y + 56 = 0. Suppose y*p + 0*p + 595 = 0. Let b = 106 - p. What is the tens digit of b?
9
Suppose -2*g + 4*g = 5*f + 35865, 53770 = 3*g - 2*f. Suppose -g = 6*c - 20*c. What is the hundreds digit of c?
2
Suppose -70*p = -9*p - 357826. What is the thousands digit of p?
5
Let t(m) = 104*m + 2. Suppose -3*y + 3*a + 3 = 0, 0 = 5*y + 2*a - 0 + 2. Let i = 1 - y. What is the tens digit of t(i)?
0
What is the tens digit of (-4)/(-9)*(-33)/2*(-295740)/120?
7
What is the units digit of (83 + 2)/((-120)/(-111312))?
6
Let f(c) = 1636*c**2 - 476*c + 948. What is the hundreds digit of f(2)?
5
Let s = -1759 - -17743. What is the units digit of s?
4
What is the tens digit of (48740 - 8)*(-4 - -9)/5?
3
Suppose -6*g = -936 - 780. Let a(h) = -20*h**3 + h + 3. Let z be a(2). Let o = g + z. What is the hundreds digit of o?
1
What is the hundreds digit of ((-50504)/40)/(19/(-95))?
3
What is the hundreds digit of 240/(-640) - (-1)/((-24)/(-92793))?
8
Let t be 7/2 + (-1)/(6/9). Let n be (4/t)/(1/(1 - -129)). Let s = -116 + n. What is the hundreds digit of s?
1
Suppose 406402 = 185*q - 368748. What is the units digit of q?
0
Let k be 16/40 + 1698/5. Let m be k - 8 - -4*1. Suppose -4*w = 5*l - m, 5*w + 68 + 73 = 2*l. What is the units digit of l?
8
Let o(u) = 4*u**3 - 6*u**2 + 4*u - 4. Let l be o(6). Suppose 2*y + l = 6*y. Suppose i = 3*t - 94 - 85, -y = -3*t + 4*i. What is the tens digit of t?
6
Suppose -2*h + 4*i - 6842 = 0, 2*h - i = 294 - 7121. What is the units digit of 2/(3/h*-6)?
9
Let k = 167 + -50. Let f = -115 + k. Suppose 49 = f*c - 257. What is the units digit of c?
3
Let w(c) = c**2 - 9*c + 2. Let b be w(9). Suppose b*u - 138 = 4*p, 4*p = -4*u + 212 + 40. Let v = -15 + u. What is the tens digit of v?
5
Let a(p) = -78*p**3 + 5*p - 5. Let y be a(2). Let s = -124 - y. What is the hundreds digit of s?
4
Let b = 6287 - -1735. What is the hundreds digit of b?
0
Let r = 156545 - 67257. What is the thousands digit of r?
9
Suppose -4*c + 176 = 4*d, -5*d = 3*c - 128 - 10. Suppose 2*q + c - 209 = 0. Let v = q - 54. What is the units digit of v?
0
Suppose 0 = 5*h - h - 2*s, -3*h + 5*s = 0. Suppose m + m - 92 = h. Suppose m + 2 = 3*r. What is the units digit of r?
6
Suppose 0 = -d - 3*s + 51138, -2*d = 5*s - 10478 - 91804. What is the hundreds digit of d?
1
Let j = -1123 + 2856. Let w = 3144 - j. What is the units digit of w?
1
Let z = 76 - 63. Suppose 6 = 15*l - z*l. Suppose 2*y = -2*q + 58, -4*q = -l*q - 2. What is the units digit of y?
7
Suppose -12*g + 408 = -0*g. Let i = 36 - g. What is the hundreds digit of (116 - 0/1)/(2/i)?
1
Suppose -3*q + 5*l - 105 = -5, 5*q - 2*l = -192. Let h = 316 + q. What is the tens digit of h?
7
Let v(t) = -5*t - 402. Let y be v(0). Let u = 520 + y. What is the units digit of u?
8
Let c be (3/2)/(12/(-752)). Let p = -45 - c. What is the units digit of p*1 + 2 + (-4 - -1)?
8
Suppose 22*d + 21*d - 38912 = 35*d. What is the hundreds digit of d?
8
Let x be 104/(-16) + 6/4. Let v be x/(0 - 2 - -1). Suppose -v*f + 5*n + 545 = 0, 2*f - n - 164 - 58 = 0. What is the tens digit of f?
1
Let y = -104807 + 164287. What is the units digit of y?
0
Let k(q) = 2 - 2*q - 1 - 11 + q. Let n be k(-6). Let p(x) = -x**3 + x**2 - x + 1. What is the units digit of p(n)?
5
Let u be -8 + (-6)/(-2) - -155. Let b = u + -148. Suppose -2*a - 360 = -4*r + a, a = b*r - 180. What is the tens digit of r?
9
Let k(a) = 335*a**2 + 6*a. Let f be 1 - 2/6*0/7. What is the tens digit of k(f)?
4
Suppose n + 24048 = -1312*p + 1314*p, -2*p = -5*n - 24016. What is the tens digit of p?
2
Suppose 2*l + 5 - 1 = 0. Let r be (4/(-6))/(l/(-24)). Let a(d) = -10*d - 11. What is the units digit of a(r)?
9
Let g = -469 + 95. Let q = g + 401. What is the units digit of q?
7
Let a(x) = -11*x + 152. Let q be a(11). Let i(j) = -j**2 + 57*j - 221. What is the tens digit of i(q)?
8
Let p be (2*411/18)/((-1)/(-3)). Let i = 209 - p. What is the tens digit of i?
7
Let z(o) = 3*o**2 + 18*o + 34. Let a be z(-10). Suppose 5*k + y - 305 = a, -3*y = k - 103. Let x = 93 - k. What is the units digit of x?
2
Let x(q) = 1741*q - 148. What is the hundreds digit of x(4)?
8
Suppose -22*r + 45*r = 11*r + 153828. What is the tens digit of r?
1
Let o be 51*3*(-4)/12. Let r = o + 21. Let k = -10 - r. What is the units digit of k?
0
Suppose 0 = -31*l + 7*l + 224362 + 87278. What is the thousands digit of l?
2
Suppose 10*x = 11*s - 15*s + 34566, s - 8642 = -2*x. What is the units digit of s?
4
Let v(r) = -7*r**2 + 12*r - 15. Let m(i) = 2*i**2 - 1. Let h(g) = 4*m(g) - v(g). What is the tens digit of h(-10)?
3
What is the ten thousands digit of 320932*(-1)/24*-4*9/6?
8
Let v(g) = 35*g**3 + g**2 + 8*g - 9. What is the hundreds digit of v(8)?
0
Let z(q) = 2878*q**3 + q**2 + 4*q - 5. Let l be z(1). Suppose v - l = -3*s, -4*s + 0*s = 5*v - 3841. What is the units digit of s?
9
Let j(i) = -i**3 + 20*i**2 - 21*i + 17. Let f be j(17). Let z = f - -156. What is the tens digit of z?
8
Suppose o + 50 = 68. What is the hundreds digit of 11732/18 + -5 + 4/o?
6
Suppose -183686 - 1479138 = -138*m + 875272. What is the ten thousands digit of m?
1
Let o(p) = -p**3 - 38*p**2 + 27*p + 232. What is the units digit of o(-41)?
8
Let r(u) = -63*u + 1926. What is the tens digit of r(5)?
1
Suppose 9*x - 7*x = 624. Suppose d - 81 = -c - c, -4*d = 2*c - x. What is the tens digit of d?
7
Let i(z) = -11*z**3 - 16*z**2 - 21*z + 2. Let u(r) = -5*r**3 - 8*r**2 - 10*r + 1. Let c(g) = -4*i(g) + 9*u(g). What is the hundreds digit of c(-9)?
1
Let q(s) = 10*s**2 + 11*s - 9. Let w be (-4)/(((-3)/2)/(9/(-4))). What is the units digit of q(w)?
5
Suppose 26*w - 249809 = -16745. What is the hundreds digit of w?
9
What is the units digit of ((184/23)/(-2))/(4/(-12242))?
2
Let w(k) = -9*k - 6. Let a be w(-2). What is the hundreds digit of 3/a - (-12835)/20?
6
Suppose -2*h + 1120 = -2*s, s + 0*h + 550